ist the prime factors of 777.
3, 7, 37
What are the prime factors of 6463?
23, 281
What are the prime factors of 3100?
2, 5, 31
What are the prime factors of 38347?
31, 1237
List the prime factors of 13794.
2, 3, 11, 19
What are the prime factors of 12145?
5, 7, 347
What are the prime factors of 4082?
2, 13, 157
What are the prime factors of 26419?
29, 911
List the prime factors of 102826.
2, 51413
What are the prime factors of 1650?
2, 3, 5, 11
What are the prime factors of 70?
2, 5, 7
List the prime factors of 9773.
29, 337
List the prime factors of 55668.
2, 3, 4639
What are the prime factors of 2355?
3, 5, 157
What are the prime factors of 2644?
2, 661
List the prime factors of 1163.
1163
List the prime factors of 48824.
2, 17, 359
What are the prime factors of 7919?
7919
What are the prime factors of 1450?
2, 5, 29
List the prime factors of 22573.
22573
List the prime factors of 7438.
2, 3719
List the prime factors of 2249.
13, 173
List the prime factors of 2514.
2, 3, 419
What are the prime factors of 27442?
2, 13721
What are the prime factors of 1407?
3, 7, 67
List the prime factors of 40179.
3, 59, 227
List the prime factors of 601.
601
What are the prime factors of 28893?
3, 9631
What are the prime factors of 88036?
2, 13, 1693
List the prime factors of 4328.
2, 541
List the prime factors of 430.
2, 5, 43
What are the prime factors of 1114?
2, 557
List the prime factors of 600.
2, 3, 5
What are the prime factors of 4040?
2, 5, 101
What are the prime factors of 43060?
2, 5, 2153
What are the prime factors of 20109?
3, 6703
List the prime factors of 2835.
3, 5, 7
What are the prime factors of 8004?
2, 3, 23, 29
List the prime factors of 15248.
2, 953
List the prime factors of 4732.
2, 7, 13
List the prime factors of 29728.
2, 929
What are the prime factors of 3970?
2, 5, 397
What are the prime factors of 6981?
3, 13, 179
What are the prime factors of 9108?
2, 3, 11, 23
What are the prime factors of 43361?
131, 331
List the prime factors of 16316.
2, 4079
List the prime factors of 944.
2, 59
List the prime factors of 9862.
2, 4931
What are the prime factors of 109500?
2, 3, 5, 73
What are the prime factors of 1375?
5, 11
List the prime factors of 596.
2, 149
List the prime factors of 476.
2, 7, 17
List the prime factors of 6626.
2, 3313
What are the prime factors of 11778?
2, 3, 13, 151
What are the prime factors of 3829?
7, 547
List the prime factors of 50906.
2, 25453
List the prime factors of 3789.
3, 421
What are the prime factors of 11730?
2, 3, 5, 17, 23
List the prime factors of 926.
2, 463
List the prime factors of 4739.
7, 677
What are the prime factors of 26247?
3, 13, 673
What are the prime factors of 1463?
7, 11, 19
List the prime factors of 3183.
3, 1061
What are the prime factors of 3029?
13, 233
What are the prime factors of 14614?
2, 7307
List the prime factors of 1900.
2, 5, 19
What are the prime factors of 24797?
137, 181
List the prime factors of 309.
3, 103
What are the prime factors of 1238?
2, 619
List the prime factors of 1546.
2, 773
List the prime factors of 5776.
2, 19
What are the prime factors of 11431?
7, 23, 71
What are the prime factors of 4967?
4967
List the prime factors of 17600.
2, 5, 11
What are the prime factors of 1099?
7, 157
List the prime factors of 29391.
3, 97, 101
What are the prime factors of 105528?
2, 3, 4397
List the prime factors of 92614.
2, 46307
What are the prime factors of 2164?
2, 541
List the prime factors of 70400.
2, 5, 11
List the prime factors of 273.
3, 7, 13
List the prime factors of 1302.
2, 3, 7, 31
What are the prime factors of 68149?
23, 2963
What are the prime factors of 44056?
2, 5507
List the prime factors of 1175.
5, 47
List the prime factors of 138.
2, 3, 23
List the prime factors of 595.
5, 7, 17
What are the prime factors of 18584?
2, 23, 101
List the prime factors of 29042.
2, 13, 1117
List the prime factors of 474.
2, 3, 79
What are the prime factors of 31657?
31657
What are the prime factors of 4804?
2, 1201
List the prime factors of 47908.
2, 7, 29, 59
What are the prime factors of 68956?
2, 17239
What are the prime factors of 81383?
97, 839
What are the prime factors of 30691?
47, 653
What are the prime factors of 3976?
2, 7, 71
List the prime factors of 2892.
2, 3, 241
List the prime factors of 26578.
2, 97, 137
What are the prime factors of 28772?
2, 7193
What are the prime factors of 11484?
2, 3, 11, 29
What are the prime factors of 39574?
2, 47, 421
List the prime factors of 1307.
1307
What are the prime factors of 493?
17, 29
List the prime factors of 1556.
2, 389
List the prime factors of 10356.
2, 3, 863
What are the prime factors of 1382?
2, 691
What are the prime factors of 23000?
2, 5, 23
List the prime factors of 3628.
2, 907
What are the prime factors of 65721?
3, 19, 1153
What are the prime factors of 9744?
2, 3, 7, 29
What are the prime factors of 22568?
2, 7, 13, 31
List the prime factors of 771.
3, 257
What are the prime factors of 14709?
3, 4903
What are the prime factors of 191?
191
List the prime factors of 371.
7, 53
What are the prime factors of 13152?
2, 3, 137
List the prime factors of 22629.
3, 19, 397
List the prime factors of 1459.
1459
List the prime factors of 163211.
163211
What are the prime factors of 6004?
2, 19, 79
List the prime factors of 565.
5, 113
List the prime factors of 990.
2, 3, 5, 11
What are the prime factors of 971?
971
List the prime factors of 11809.
7, 241
List the prime factors of 2619.
3, 97
What are the prime factors of 7659?
3, 23, 37
What are the prime factors of 545?
5, 109
What are the prime factors of 103312?
2, 11, 587
What are the prime factors of 4402?
2, 31, 71
List the prime factors of 859.
859
List the prime factors of 42937.
42937
What are the prime factors of 12043?
12043
What are the prime factors of 13089?
3, 4363
What are the prime factors of 22125?
3, 5, 59
What are the prime factors of 1121?
19, 59
List the prime factors of 16523.
13, 31, 41
What are the prime factors of 20720?
2, 5, 7, 37
List the prime factors of 1517.
37, 41
What are the prime factors of 2160?
2, 3, 5
List the prime factors of 135727.
135727
List the prime factors of 1686.
2, 3, 281
List the prime factors of 164.
2, 41
What are the prime factors of 60942?
2, 3, 7, 1451
What are the prime factors of 22663?
131, 173
List the prime factors of 3987.
3, 443
List the prime factors of 1835.
5, 367
What are the prime factors of 716?
2, 179
List the prime factors of 2940.
2, 3, 5, 7
List the prime factors of 837.
3, 31
List the prime factors of 1382.
2, 691
List the prime factors of 59917.
11, 13, 419
List the prime factors of 26695.
5, 19, 281
List the prime factors of 20941.
43, 487
What are the prime factors of 3424?
2, 107
List the prime factors of 962.
2, 13, 37
What are the prime factors of 38498?
2, 19249
What are the prime factors of 9954?
2, 3, 7, 79
List the prime factors of 1588.
2, 397
What are the prime factors of 38322?
2, 3, 2129
What are the prime factors of 3449?
3449
List the prime factors of 1498.
2, 7, 107
What are the prime factors of 575?
5, 23
List the prime factors of 1343.
17, 79
List the prime factors of 10944.
2, 3, 19
What are the prime factors of 1836?
2, 3, 17
List the prime factors of 5626.
2, 29, 97
What are the prime factors of 457?
457
List the prime factors of 8252.
2, 2063
What are the prime factors of 46538?
2, 23269
List the prime factors of 754.
2, 13, 29
List the prime factors of 2127.
3, 709
What are the prime factors of 534?
2, 3, 89
List the prime factors of 21454.
2, 17, 631
What are the prime factors of 29941?
79, 379
What are the prime factors of 25335?
3, 5, 563
What are the prime factors of 1724?
2, 431
List the prime factors of 1088.
2, 17
List the prime factors of 1332.
2, 3, 37
What are the prime factors of 1343?
17, 79
List the prime factors of 7246.
2, 3623
What are the prime factors of 580?
2, 5, 29
What are the prime factors of 23227?
23227
What are the prime factors of 2347?
2347
List the prime factors of 25316.
2, 6329
What are the prime factors of 33296?
2, 2081
What are the prime factors of 664?
2, 83
List the prime factors of 122207.
122207
What are the prime factors of 65685?
3, 5, 29, 151
List the prime factors of 9918.
2, 3, 19, 29
List the prime factors of 44657.
